r?
False
Is 8426723 composite?
True
Is 9553459 a composite number?
False
Is 123221129 composite?
False
Is 77834387 a prime number?
True
Is 145356089 prime?
False
Is 3930637 a composite number?
False
Is 10601281 prime?
True
Is 28862129 a prime number?
True
Is 42719137 composite?
False
Is 878819 prime?
False
Is 5990249 a composite number?
False
Is 124245307 prime?
True
Is 129080101 a prime number?
True
Is 1308239 a composite number?
True
Is 207303383 a prime number?
False
Is 1914931 a prime number?
False
Is 2644277 a composite number?
False
Is 9215221 a composite number?
True
Is 100146713 a composite number?
False
Is 30215903 composite?
True
Is 25902353 a prime number?
True
Is 6074417 a prime number?
True
Is 84984155 a prime number?
False
Is 16491235 prime?
False
Is 105342403 prime?
False
Is 96044537 composite?
False
Is 12725729 a composite number?
False
Is 12764477 prime?
False
Is 95137153 prime?
True
Is 26026433 prime?
True
Is 1262153 composite?
True
Is 11578781 a composite number?
False
Is 38039153 prime?
True
Is 70374685 a composite number?
True
Is 13363763 a prime number?
False
Is 2231293 prime?
True
Is 1748954 a composite number?
True
Is 80468161 a prime number?
True
Is 181594603 a prime number?
True
Is 135653779 a composite number?
False
Is 1888631 prime?
False
Is 8477669 a composite number?
True
Is 437691 a composite number?
True
Is 13769719 a prime number?
True
Is 201918161 a prime number?
False
Is 801227423 prime?
False
Is 57716023 composite?
False
Is 90711763 a composite number?
True
Is 1041983 a composite number?
False
Is 578971 prime?
True
Is 864455393 composite?
True
Is 416865389 a prime number?
True
Is 379628939 a composite number?
False
Is 216593 prime?
False
Is 4124801 a composite number?
False
Is 1754341 a composite number?
True
Is 22832203 prime?
False
Is 123467807 prime?
False
Is 63110317 a composite number?
True
Is 3717937 prime?
True
Is 86952523 a composite number?
True
Is 30039043 a prime number?
True
Is 61683527 a prime number?
True
Is 1424207 a prime number?
False
Is 8982121 a prime number?
False
Is 21154607 prime?
False
Is 63066911 a composite number?
False
Is 104167541 prime?
False
Is 118081 prime?
True
Is 52163679 prime?
False
Is 10188533 a composite number?
True
Is 2650373 a composite number?
True
Is 77178419 a prime number?
False
Is 6599951 a composite number?
False
Is 16479913 composite?
False
Is 4749883 a composite number?
False
Is 2446747 a composite number?
False
Is 55619 a prime number?
True
Is 732943 prime?
True
Is 2963498 a composite number?
True
Is 206940443 a composite number?
True
Is 22544931 a prime number?
False
Is 7941401 prime?
False
Is 98177213 a composite number?
True
Is 85533883 a composite number?
True
Is 34927 a prime number?
False
Is 17980439 composite?
True
Is 7110413 prime?
True
Is 720089 a prime number?
True
Is 401012627 a prime number?
True
Is 13216303 prime?
True
Is 1423981 a composite number?
True
Is 1037279501 composite?
False
Is 296001633 a prime number?
False
Is 13443 prime?
False
Is 3381439 a prime number?
False
Is 2893577 composite?
True
Is 20689139 a prime number?
True
Is 76373357 prime?
False
Is 139456873 a composite number?
False
Is 649849 composite?
False
Is 1648575887 a prime number?
False
Is 7415321 composite?
False
Is 393121573 composite?
True
Is 24065131 a prime number?
True
Is 49607489 a composite number?
False
Is 1857761 a composite number?
False
Is 1541051 a composite number?
False
Is 165001649 a prime number?
True
Is 9881769 a composite number?
True
Is 732461 a prime number?
True
Is 483523 a prime number?
True
Is 4202017 a prime number?
True
Is 210115 composite?
True
Is 76153717 composite?
False
Is 5195459 a composite number?
False
Is 1513735 composite?
True
Is 20819066 a composite number?
True
Is 45804977 a prime number?
False
Is 14373269 prime?
True
Is 2812669 composite?
True
Is 18320041 a composite number?
False
Is 55823233 prime?
True
Is 4221221 a prime number?
False
Is 471595411 prime?
False
Is 9901 prime?
True
Is 575893 a prime number?
True
Is 97624789 a prime number?
False
Is 16987517 a prime number?
False
Is 3827143 a prime number?
True
Is 1840633 a prime number?
True
Is 1107641 prime?
False
Is 307849 a prime number?
False
Is 2221097 a composite number?
False
Is 27320287 composite?
True
Is 139119713 a prime number?
True
Is 1895221 composite?
True
Is 9290269 a composite number?
False
Is 53414651 composite?
False
Is 1068734 a composite number?
True
Is 3124369 a composite number?
True
Is 18212777 a composite number?
True
Is 1303537 a prime number?
True
Is 8837729 a composite number?
False
Is 40364161 composite?
False
Is 348553487 composite?
False
Is 277369 a prime number?
False
Is 734761 a prime number?
False
Is 36611643 prime?
False
Is 6373813 a prime number?
True
Is 56965 prime?
False
Is 135610773 a prime number?
False
Is 57791087 prime?
True
Is 48765207 composite?
True
Is 7546579 a composite number?
False
Is 34755923 a prime number?
False
Is 65628586 composite?
True
Is 279267839 a prime number?
True
Is 3230002 a prime number?
False
Is 193557649 prime?
True
Is 31121 prime?
True
Is 1552184149 a prime number?
True
Is 266131982 a composite number?
True
Is 42329191 a composite number?
True
Is 1304887 prime?
True
Is 140851411 prime?
False
Is 44704153 composite?
True
Is 1979683 a prime number?
True
Is 51916159 composite?
False
Is 2921447 prime?
False
Is 3010083 composite?
True
Is 8165867 a composite number?
False
Is 72744521 a composite number?
True
Is 85012553 prime?
True
Is 1368053 composite?
False
Is 4725899 prime?
False
Is 150966727 a prime number?
False
Is 1312001 composite?
False
Is 124544767 prime?
True
Is 3372143 prime?
False
Is 38369897 composite?
False
Is 78228103 composite?
False
Is 9685757 a prime number?
True
Is 109102897 composite?
False
Is 5650495 a prime number?
False
Is 90934301 prime?
True
Is 91990931 composite?
False
Is 1483507 prime?
True
Is 1005321 a composite number?
True
Is 56779717 a composite number?
False
Is 143729 prime?
True
Is 86295613 prime?
True
Is 975163 a prime number?
False
Is 123511961 composite?
False
Is 32434361 composite?
False
Is 3270049 a composite number?
False
Is 2699051 prime?
True
Is 538739 composite?
False
Is 2231161 a composite number?
True
Is 42754865 composite?
True
Is 27478435 prime?
False
Is 31501385 a composite number?
True
Is 34722529 a prime number?
False
Is 21582953 prime?
False
Is 1565999 a prime number?
False
Is 1682101 a composite number?
False
Is 5691629 a composite number?
True
Is 24775631 prime?
True
Is 71330131 a composite number?
False
Is 903299 prime?
False
Is 43303181 composite?
True
Is 5619589 prime?
True
Is 102049151 prime?
True
Is 126599807 a prime number?
True
Is 538841 a prime number?
True
Is 246821083 a composite number?
True
Is 3450695 a composite number?
True
Is 61866491 a composite number?
True
Is 619909 a prime number?
True
Is 12240901 composite?
True
Is 304743073 a composite number?
True
Is 731737 a prime number?
True
Is 9807251 a prime number?
False
Is 60803491 a prime number?
False
Is 73434121 a composite number?
True
Is 35667431 a composite number?
False
Is 1818367 a composite number?
True
Is 169733387 prime?
True
Is 3091857 prime?
False
Is 2264071 composite?
True
Is 1348103 composite?
True
Is 922697 a prime number?
False
Is 3739987 composite?
False
Is 599567 prime?
False
Is 417230447 a prime number?
False
Is 4730441 prime?
False
Is 39607811 composite?
False
Is 1254427 prime?
True
Is 20613637 prime?
False
Is 7784303 a prime number?
True
Is 127267091 a prime number?
False
Is 85723633 prime?
True
Is 38673371 composite?
True
Is 3118387 composite?
False
Is 2917669 composite?
True
Is 14907007 prime?
True
Is 197765629 prime?
False
Is 84649 prime?
True
Is 13886287 prime?
False
Is 385207517 a composite number?
False
Is 134739277 prime?
True
Is 30531547 a prime number?
False
Is 171224689 a prime number?
True
Is 14810759 a prime number?
True
Is 429003955 a prime number?
False
Is 30500161 composite?
True
Is 1325211 a composite number?
True
Is 3858401 prime?
True
Is 787522 a composite number?
True
Is 38707811 prime?
False
Is 6049 a composite number?
True
Is 531981739 a composite number?
True
Is 37277309 a composite number?
False
Is 10665319 composite?
True
Is 68390501 a prime number?
False
Is 33023357 a